{"id":18397,"date":"2017-06-29T17:13:47","date_gmt":"2017-06-29T14:13:47","guid":{"rendered":"https:\/\/asart.com.ua\/dizajn-ofisa\/sovremennyj\/"},"modified":"2023-11-24T01:56:15","modified_gmt":"2023-11-23T22:56:15","slug":"sovremennyj","status":"publish","type":"page","link":"https:\/\/asart.com.ua\/cs\/dizajn-ofisa\/sovremennyj\/","title":{"rendered":"Modern\u00ed kancel\u00e1\u0159sk\u00fd design"},"content":{"rendered":"<p>Kancel\u00e1\u0159sk\u00e9 prostory hraj\u00ed d\u016fle\u017eitou roli pro ka\u017edou spole\u010dnost bez ohledu na jej\u00ed velikost a obor p\u016fsobnosti. Kdy\u017e to vezmeme v \u00favahu, v\u011bt\u0161ina mana\u017eer\u016f usiluje o kvalitn\u00ed renovaci v kancel\u00e1\u0159i a tak\u00e9 o vytvo\u0159en\u00ed modern\u00edho designu interi\u00e9ru. <strong>D\u016fraz na to kladou nejen jejich znalosti v oblasti projek\u010dn\u00ed pr\u00e1ce, ale tak\u00e9 dodr\u017eov\u00e1n\u00ed doby a osv\u011bd\u010den\u00fdch postup\u016f<\/strong> . Stoj\u00ed za zm\u00ednku, \u017ee:<\/p>\n<ul>\n<li> komfortn\u00ed<\/li>\n<li> \u00fatuln\u00fd<\/li>\n<li> stylov\u00fd<\/li>\n<li> komfortn\u00ed<\/li>\n<\/ul>\n<p> Situace n\u011bkolikan\u00e1sobn\u011b zv\u00fd\u0161\u00ed produktivitu pracovn\u00edk\u016f a tak\u00e9 pos\u00edl\u00ed autoritu spole\u010dnosti v o\u010d\u00edch klient\u016f, partner\u016f, z\u00e1kazn\u00edk\u016f a dokonce i konkurent\u016f. Profesion\u00e1ln\u00ed, designovou v\u00fdzdobou prostor rozum\u00edme prov\u00e1d\u011bn\u00ed nejen oprav a dokon\u010dovac\u00edch prac\u00ed. Ale tak\u00e9 design\u00e9\u0159i s pomoc\u00ed jedine\u010dn\u00e9ho projektu interi\u00e9rov\u00e9ho designu v modern\u00edm stylu vytvo\u0159\u00ed skute\u010dn\u011b harmonick\u00fd a efektivn\u00ed prostor. Kde se v\u0161em bude pohodln\u011b a p\u0159\u00edjemn\u011b pracovat a v\u0161e bude na sv\u00e9m m\u00edst\u011b. <a href=\"https:\/\/asart.com.ua\/wp-content\/uploads\/2018\/11\/Konferentszal-1-7.jpg\"><img loading=\"lazy\" decoding=\"async\" class=\"aligncenter size-full wp-image-6866 colorbox-18397\" src=\"https:\/\/asart.com.ua\/wp-content\/uploads\/2018\/11\/Konferentszal-1-7.jpg\" alt=\"\" width=\"1000\" height=\"667\" srcset=\"https:\/\/asart.com.ua\/wp-content\/uploads\/2018\/11\/Konferentszal-1-7.jpg 1000w, https:\/\/asart.com.ua\/wp-content\/uploads\/2018\/11\/Konferentszal-1-7-300x200.jpg 300w, https:\/\/asart.com.ua\/wp-content\/uploads\/2018\/11\/Konferentszal-1-7-768x512.jpg 768w, https:\/\/asart.com.ua\/wp-content\/uploads\/2018\/11\/Konferentszal-1-7-240x160.jpg 240w\" sizes=\"(max-width: 1000px) 100vw, 1000px\" \/><\/a> <img loading=\"lazy\" decoding=\"async\" class=\"aligncenter wp-image-4359 size-full colorbox-18397\" src=\"https:\/\/asart.com.ua\/wp-content\/uploads\/2011\/12\/Interer-ofisov-5watermark.jpg\" alt=\"Modern\u00ed kancel\u00e1\u0159sk\u00fd design\" width=\"1000\" height=\"667\" srcset=\"https:\/\/asart.com.ua\/wp-content\/uploads\/2011\/12\/Interer-ofisov-5watermark.jpg 1000w, https:\/\/asart.com.ua\/wp-content\/uploads\/2011\/12\/Interer-ofisov-5watermark-300x200.jpg 300w, https:\/\/asart.com.ua\/wp-content\/uploads\/2011\/12\/Interer-ofisov-5watermark-240x160.jpg 240w\" sizes=\"(max-width: 1000px) 100vw, 1000px\" \/><img loading=\"lazy\" decoding=\"async\" class=\"aligncenter wp-image-4364 size-full colorbox-18397\" src=\"https:\/\/asart.com.ua\/wp-content\/uploads\/2011\/12\/Interer-ofisov-25watermark.jpg\" alt=\"Modern\u00ed kancel\u00e1\u0159sk\u00fd design\" width=\"1000\" height=\"667\" srcset=\"https:\/\/asart.com.ua\/wp-content\/uploads\/2011\/12\/Interer-ofisov-25watermark.jpg 1000w, https:\/\/asart.com.ua\/wp-content\/uploads\/2011\/12\/Interer-ofisov-25watermark-300x200.jpg 300w, https:\/\/asart.com.ua\/wp-content\/uploads\/2011\/12\/Interer-ofisov-25watermark-240x160.jpg 240w\" sizes=\"(max-width: 1000px) 100vw, 1000px\" \/><img loading=\"lazy\" decoding=\"async\" class=\"aligncenter wp-image-4361 size-full colorbox-18397\" src=\"https:\/\/asart.com.ua\/wp-content\/uploads\/2011\/12\/Interer-ofisov-13watermark.jpg\" alt=\"Kancel\u00e1\u0159sk\u00fd interi\u00e9rov\u00fd design v modern\u00edm stylu\" width=\"1000\" height=\"667\" srcset=\"https:\/\/asart.com.ua\/wp-content\/uploads\/2011\/12\/Interer-ofisov-13watermark.jpg 1000w, https:\/\/asart.com.ua\/wp-content\/uploads\/2011\/12\/Interer-ofisov-13watermark-300x200.jpg 300w, https:\/\/asart.com.ua\/wp-content\/uploads\/2011\/12\/Interer-ofisov-13watermark-240x160.jpg 240w\" sizes=\"(max-width: 1000px) 100vw, 1000px\" \/><\/p>\n<h2> Pohodln\u00fd a funk\u010dn\u00ed prostor.<\/h2>\n<p> Design\u00e9\u0159i studia AS-Design p\u0159istupuj\u00ed k designov\u00e9 pr\u00e1ci komplexn\u011b. Vytvo\u0159\u00ed tak\u00e9 unik\u00e1tn\u00ed projekt kancel\u00e1\u0159sk\u00e9ho interi\u00e9ru v modern\u00edm stylu s p\u0159ihl\u00e9dnut\u00edm ke v\u0161em po\u017eadavk\u016fm a zadan\u00fdm \u00fakol\u016fm. Na\u0161i specialist\u00e9:<\/p>\n<ul>\n<li> vybere dokon\u010dovac\u00ed materi\u00e1ly<\/li>\n<li> rozd\u011blte m\u00edstnost na z\u00f3ny<\/li>\n<li> vybrat n\u00e1bytek<\/li>\n<li> vypracovat pl\u00e1n um\u00edst\u011bn\u00ed komunikac\u00ed a za\u0159\u00edzen\u00ed<\/li>\n<\/ul>\n<p> Hlavn\u00edm a d\u016fle\u017eit\u00fdm \u00fakolem design\u00e9ra p\u0159i vytv\u00e1\u0159en\u00ed projektu kancel\u00e1\u0159sk\u00e9ho designu v modern\u00edm stylu je spr\u00e1vn\u00e9 um\u00edst\u011bn\u00ed pracovi\u0161\u0165. Kancel\u00e1\u0159sk\u00fd prostor m\u016f\u017ee b\u00fdt samostatn\u00fd prostor s funk\u010dn\u00edmi plochami, zv\u00fdrazn\u011bn\u00fd n\u00e1bytkem a barevn\u00fdmi sch\u00e9maty. Oblast lze tak\u00e9 rozd\u011blit na z\u00f3ny pomoc\u00ed p\u0159ep\u00e1\u017eek. Mohou b\u00fdt sklen\u011bn\u00e9, s\u00e1drokartonov\u00e9 nebo hlin\u00edkov\u00e9, v\u0161e z\u00e1le\u017e\u00ed na va\u0161ich preferenc\u00edch. <a href=\"https:\/\/asart.com.ua\/wp-content\/uploads\/2019\/07\/Dizayn-magazina-70watermark-.jpg\"><img loading=\"lazy\" decoding=\"async\" class=\"aligncenter size-full wp-image-7338 colorbox-18397\" src=\"https:\/\/asart.com.ua\/wp-content\/uploads\/2019\/07\/Dizayn-magazina-70watermark-.jpg\" alt=\"\" width=\"1000\" height=\"667\" srcset=\"https:\/\/asart.com.ua\/wp-content\/uploads\/2019\/07\/Dizayn-magazina-70watermark-.jpg 1000w, https:\/\/asart.com.ua\/wp-content\/uploads\/2019\/07\/Dizayn-magazina-70watermark--300x200.jpg 300w, https:\/\/asart.com.ua\/wp-content\/uploads\/2019\/07\/Dizayn-magazina-70watermark--768x512.jpg 768w, https:\/\/asart.com.ua\/wp-content\/uploads\/2019\/07\/Dizayn-magazina-70watermark--240x160.jpg 240w\" sizes=\"(max-width: 1000px) 100vw, 1000px\" \/><\/a> <a href=\"https:\/\/asart.com.ua\/wp-content\/uploads\/2019\/07\/Dizayn-magazina-24watermark-.jpg\"><img loading=\"lazy\" decoding=\"async\" class=\"aligncenter size-full wp-image-7246 colorbox-18397\" src=\"https:\/\/asart.com.ua\/wp-content\/uploads\/2019\/07\/Dizayn-magazina-24watermark-.jpg\" alt=\"\" width=\"1000\" height=\"667\" srcset=\"https:\/\/asart.com.ua\/wp-content\/uploads\/2019\/07\/Dizayn-magazina-24watermark-.jpg 1000w, https:\/\/asart.com.ua\/wp-content\/uploads\/2019\/07\/Dizayn-magazina-24watermark--300x200.jpg 300w, https:\/\/asart.com.ua\/wp-content\/uploads\/2019\/07\/Dizayn-magazina-24watermark--768x512.jpg 768w, https:\/\/asart.com.ua\/wp-content\/uploads\/2019\/07\/Dizayn-magazina-24watermark--240x160.jpg 240w\" sizes=\"(max-width: 1000px) 100vw, 1000px\" \/><\/a> <a href=\"https:\/\/asart.com.ua\/wp-content\/uploads\/2019\/07\/Dizayn-magazina-22watermark-.jpg\"><img loading=\"lazy\" decoding=\"async\" class=\"aligncenter size-full wp-image-7242 colorbox-18397\" src=\"https:\/\/asart.com.ua\/wp-content\/uploads\/2019\/07\/Dizayn-magazina-22watermark-.jpg\" alt=\"\" width=\"1000\" height=\"669\" srcset=\"https:\/\/asart.com.ua\/wp-content\/uploads\/2019\/07\/Dizayn-magazina-22watermark-.jpg 1000w, https:\/\/asart.com.ua\/wp-content\/uploads\/2019\/07\/Dizayn-magazina-22watermark--300x201.jpg 300w, https:\/\/asart.com.ua\/wp-content\/uploads\/2019\/07\/Dizayn-magazina-22watermark--768x514.jpg 768w, https:\/\/asart.com.ua\/wp-content\/uploads\/2019\/07\/Dizayn-magazina-22watermark--240x160.jpg 240w\" sizes=\"(max-width: 1000px) 100vw, 1000px\" \/><\/a> <a href=\"https:\/\/asart.com.ua\/wp-content\/uploads\/2019\/07\/Dizayn-magazina-26watermark-.jpg\"><img loading=\"lazy\" decoding=\"async\" class=\"aligncenter size-full wp-image-7250 colorbox-18397\" src=\"https:\/\/asart.com.ua\/wp-content\/uploads\/2019\/07\/Dizayn-magazina-26watermark-.jpg\" alt=\"\" width=\"1000\" height=\"667\" srcset=\"https:\/\/asart.com.ua\/wp-content\/uploads\/2019\/07\/Dizayn-magazina-26watermark-.jpg 1000w, https:\/\/asart.com.ua\/wp-content\/uploads\/2019\/07\/Dizayn-magazina-26watermark--300x200.jpg 300w, https:\/\/asart.com.ua\/wp-content\/uploads\/2019\/07\/Dizayn-magazina-26watermark--768x512.jpg 768w, https:\/\/asart.com.ua\/wp-content\/uploads\/2019\/07\/Dizayn-magazina-26watermark--240x160.jpg 240w\" sizes=\"(max-width: 1000px) 100vw, 1000px\" \/><\/a><\/p>\n<h3> Spousta sv\u011btla, vzduchu a prostoru.<\/h3>\n<p> Interi\u00e9r kancel\u00e1\u0159e v modern\u00edm stylu zahrnuje pou\u017eit\u00ed sv\u011btl\u00e9 palety barev, mohou b\u00fdt p\u0159\u00edtomny i firemn\u00ed barvy organizace. Kancel\u00e1\u0159sk\u00fd prostor by m\u011bl b\u00fdt velmi sv\u011btl\u00fd, preferov\u00e1no je p\u0159irozen\u00e9 sv\u011btlo. Proto AS-Design doporu\u010duje instalovat velk\u00e1 okna. Pokud jde o n\u00e1bytek, v modern\u00edm interi\u00e9rov\u00e9m designu by m\u011bl b\u00fdt p\u0159edev\u0161\u00edm funk\u010dn\u00ed a praktick\u00fd a teprve pot\u00e9 stylov\u00fd a m\u00f3dn\u00ed. <em>Krom\u011b pracovn\u00edho prostoru je velmi d\u016fle\u017eit\u00e9 uspo\u0159\u00e1dat pohodln\u00fd relaxa\u010dn\u00ed prostor pro zam\u011bstnance v kancel\u00e1\u0159i<\/em> .<\/p>\n<p> AS-Design Studio vytvo\u0159\u00ed pro va\u0161i kancel\u00e1\u0159 jedine\u010dn\u00fd a zaj\u00edmav\u00fd design interi\u00e9ru v modern\u00edm stylu. Ve\u0161ker\u00e9 pr\u00e1ce budou provedeny kvalitn\u011b a za nejlep\u0161\u00ed cenu v Charkov\u011b.<\/p>\n","protected":false},"excerpt":{"rendered":"<p>Kancel\u00e1\u0159sk\u00e9 prostory hraj\u00ed d\u016fle\u017eitou roli pro <a class=\"continue_link\" href=\"https:\/\/asart.com.ua\/cs\/dizajn-ofisa\/sovremennyj\/\">\u0427\u0438\u0442\u0430\u0442\u044c \u0434\u0430\u043b\u0435\u0435 >><\/a><\/p>\n","protected":false},"author":6,"featured_media":0,"parent":18385,"menu_order":0,"comment_status":"closed","ping_status":"closed","template":"","meta":{"footnotes":""},"acf":[],"aioseo_notices":[],"_links":{"self":[{"href":"https:\/\/asart.com.ua\/cs\/wp-json\/wp\/v2\/pages\/18397"}],"collection":[{"href":"https:\/\/asart.com.ua\/cs\/wp-json\/wp\/v2\/pages"}],"about":[{"href":"https:\/\/asart.com.ua\/cs\/wp-json\/wp\/v2\/types\/page"}],"author":[{"embeddable":true,"href":"https:\/\/asart.com.ua\/cs\/wp-json\/wp\/v2\/users\/6"}],"replies":[{"embeddable":true,"href":"https:\/\/asart.com.ua\/cs\/wp-json\/wp\/v2\/comments?post=18397"}],"version-history":[{"count":1,"href":"https:\/\/asart.com.ua\/cs\/wp-json\/wp\/v2\/pages\/18397\/revisions"}],"predecessor-version":[{"id":18400,"href":"https:\/\/asart.com.ua\/cs\/wp-json\/wp\/v2\/pages\/18397\/revisions\/18400"}],"up":[{"embeddable":true,"href":"https:\/\/asart.com.ua\/cs\/wp-json\/wp\/v2\/pages\/18385"}],"wp:attachment":[{"href":"https:\/\/asart.com.ua\/cs\/wp-json\/wp\/v2\/media?parent=18397"}],"curies":[{"name":"wp","href":"https:\/\/api.w.org\/{rel}","templated":true}]}}

Moderní kancelářský design

<p>Kancelářské prostory hrají důležitou roli pro každou společnost bez ohledu na její velikost a obor působnosti. Když to vezmeme v úvahu, většina manažerů usiluje o kvalitní renovaci v kanceláři a také o vytvoření moderního designu interiéru. <strong>Důraz na to kladou nejen jejich znalosti v oblasti projekční práce, ale také dodržování doby a osvědčených postupů</strong> . Stojí za zmínku, že:</p>
<ul>
<li> komfortní</li>
<li> útulný</li>
<li> stylový</li>
<li> komfortní</li>
</ul>
<p> Situace několikanásobně zvýší produktivitu pracovníků a také posílí autoritu společnosti v očích klientů, partnerů, zákazníků a dokonce i konkurentů. Profesionální, designovou výzdobou prostor rozumíme provádění nejen oprav a dokončovacích prací. Ale také designéři s pomocí jedinečného projektu interiérového designu v moderním stylu vytvoří skutečně harmonický a efektivní prostor. Kde se všem bude pohodlně a příjemně pracovat a vše bude na svém místě. <a href="https://asart.com.ua/wp-content/uploads/2018/11/Konferentszal-1-7.jpg"><img loading="lazy" decoding="async" class="aligncenter size-full wp-image-6866 colorbox-18397" src="https://asart.com.ua/wp-content/uploads/2018/11/Konferentszal-1-7.jpg" alt="" width="1000" height="667" srcset="https://asart.com.ua/wp-content/uploads/2018/11/Konferentszal-1-7.jpg 1000w, https://asart.com.ua/wp-content/uploads/2018/11/Konferentszal-1-7-300x200.jpg 300w, https://asart.com.ua/wp-content/uploads/2018/11/Konferentszal-1-7-768x512.jpg 768w, https://asart.com.ua/wp-content/uploads/2018/11/Konferentszal-1-7-240x160.jpg 240w" sizes="(max-width: 1000px) 100vw, 1000px" /></a> <img loading="lazy" decoding="async" class="aligncenter wp-image-4359 size-full colorbox-18397" src="https://asart.com.ua/wp-content/uploads/2011/12/Interer-ofisov-5watermark.jpg" alt="Moderní kancelářský design" width="1000" height="667" srcset="https://asart.com.ua/wp-content/uploads/2011/12/Interer-ofisov-5watermark.jpg 1000w, https://asart.com.ua/wp-content/uploads/2011/12/Interer-ofisov-5watermark-300x200.jpg 300w, https://asart.com.ua/wp-content/uploads/2011/12/Interer-ofisov-5watermark-240x160.jpg 240w" sizes="(max-width: 1000px) 100vw, 1000px" /><img loading="lazy" decoding="async" class="aligncenter wp-image-4364 size-full colorbox-18397" src="https://asart.com.ua/wp-content/uploads/2011/12/Interer-ofisov-25watermark.jpg" alt="Moderní kancelářský design" width="1000" height="667" srcset="https://asart.com.ua/wp-content/uploads/2011/12/Interer-ofisov-25watermark.jpg 1000w, https://asart.com.ua/wp-content/uploads/2011/12/Interer-ofisov-25watermark-300x200.jpg 300w, https://asart.com.ua/wp-content/uploads/2011/12/Interer-ofisov-25watermark-240x160.jpg 240w" sizes="(max-width: 1000px) 100vw, 1000px" /><img loading="lazy" decoding="async" class="aligncenter wp-image-4361 size-full colorbox-18397" src="https://asart.com.ua/wp-content/uploads/2011/12/Interer-ofisov-13watermark.jpg" alt="Kancelářský interiérový design v moderním stylu" width="1000" height="667" srcset="https://asart.com.ua/wp-content/uploads/2011/12/Interer-ofisov-13watermark.jpg 1000w, https://asart.com.ua/wp-content/uploads/2011/12/Interer-ofisov-13watermark-300x200.jpg 300w, https://asart.com.ua/wp-content/uploads/2011/12/Interer-ofisov-13watermark-240x160.jpg 240w" sizes="(max-width: 1000px) 100vw, 1000px" /></p>
<h2> Pohodlný a funkční prostor.</h2>
<p> Designéři studia AS-Design přistupují k designové práci komplexně. Vytvoří také unikátní projekt kancelářského interiéru v moderním stylu s přihlédnutím ke všem požadavkům a zadaným úkolům. Naši specialisté:</p>
<ul>
<li> vybere dokončovací materiály</li>
<li> rozdělte místnost na zóny</li>
<li> vybrat nábytek</li>
<li> vypracovat plán umístění komunikací a zařízení</li>
</ul>
<p> Hlavním a důležitým úkolem designéra při vytváření projektu kancelářského designu v moderním stylu je správné umístění pracovišť. Kancelářský prostor může být samostatný prostor s funkčními plochami, zvýrazněný nábytkem a barevnými schématy. Oblast lze také rozdělit na zóny pomocí přepážek. Mohou být skleněné, sádrokartonové nebo hliníkové, vše záleží na vašich preferencích. <a href="https://asart.com.ua/wp-content/uploads/2019/07/Dizayn-magazina-70watermark-.jpg"><img loading="lazy" decoding="async" class="aligncenter size-full wp-image-7338 colorbox-18397" src="https://asart.com.ua/wp-content/uploads/2019/07/Dizayn-magazina-70watermark-.jpg" alt="" width="1000" height="667" srcset="https://asart.com.ua/wp-content/uploads/2019/07/Dizayn-magazina-70watermark-.jpg 1000w, https://asart.com.ua/wp-content/uploads/2019/07/Dizayn-magazina-70watermark--300x200.jpg 300w, https://asart.com.ua/wp-content/uploads/2019/07/Dizayn-magazina-70watermark--768x512.jpg 768w, https://asart.com.ua/wp-content/uploads/2019/07/Dizayn-magazina-70watermark--240x160.jpg 240w" sizes="(max-width: 1000px) 100vw, 1000px" /></a> <a href="https://asart.com.ua/wp-content/uploads/2019/07/Dizayn-magazina-24watermark-.jpg"><img loading="lazy" decoding="async" class="aligncenter size-full wp-image-7246 colorbox-18397" src="https://asart.com.ua/wp-content/uploads/2019/07/Dizayn-magazina-24watermark-.jpg" alt="" width="1000" height="667" srcset="https://asart.com.ua/wp-content/uploads/2019/07/Dizayn-magazina-24watermark-.jpg 1000w, https://asart.com.ua/wp-content/uploads/2019/07/Dizayn-magazina-24watermark--300x200.jpg 300w, https://asart.com.ua/wp-content/uploads/2019/07/Dizayn-magazina-24watermark--768x512.jpg 768w, https://asart.com.ua/wp-content/uploads/2019/07/Dizayn-magazina-24watermark--240x160.jpg 240w" sizes="(max-width: 1000px) 100vw, 1000px" /></a> <a href="https://asart.com.ua/wp-content/uploads/2019/07/Dizayn-magazina-22watermark-.jpg"><img loading="lazy" decoding="async" class="aligncenter size-full wp-image-7242 colorbox-18397" src="https://asart.com.ua/wp-content/uploads/2019/07/Dizayn-magazina-22watermark-.jpg" alt="" width="1000" height="669" srcset="https://asart.com.ua/wp-content/uploads/2019/07/Dizayn-magazina-22watermark-.jpg 1000w, https://asart.com.ua/wp-content/uploads/2019/07/Dizayn-magazina-22watermark--300x201.jpg 300w, https://asart.com.ua/wp-content/uploads/2019/07/Dizayn-magazina-22watermark--768x514.jpg 768w, https://asart.com.ua/wp-content/uploads/2019/07/Dizayn-magazina-22watermark--240x160.jpg 240w" sizes="(max-width: 1000px) 100vw, 1000px" /></a> <a href="https://asart.com.ua/wp-content/uploads/2019/07/Dizayn-magazina-26watermark-.jpg"><img loading="lazy" decoding="async" class="aligncenter size-full wp-image-7250 colorbox-18397" src="https://asart.com.ua/wp-content/uploads/2019/07/Dizayn-magazina-26watermark-.jpg" alt="" width="1000" height="667" srcset="https://asart.com.ua/wp-content/uploads/2019/07/Dizayn-magazina-26watermark-.jpg 1000w, https://asart.com.ua/wp-content/uploads/2019/07/Dizayn-magazina-26watermark--300x200.jpg 300w, https://asart.com.ua/wp-content/uploads/2019/07/Dizayn-magazina-26watermark--768x512.jpg 768w, https://asart.com.ua/wp-content/uploads/2019/07/Dizayn-magazina-26watermark--240x160.jpg 240w" sizes="(max-width: 1000px) 100vw, 1000px" /></a></p>
<h3> Spousta světla, vzduchu a prostoru.</h3>
<p> Interiér kanceláře v moderním stylu zahrnuje použití světlé palety barev, mohou být přítomny i firemní barvy organizace. Kancelářský prostor by měl být velmi světlý, preferováno je přirozené světlo. Proto AS-Design doporučuje instalovat velká okna. Pokud jde o nábytek, v moderním interiérovém designu by měl být především funkční a praktický a teprve poté stylový a módní. <em>Kromě pracovního prostoru je velmi důležité uspořádat pohodlný relaxační prostor pro zaměstnance v kanceláři</em> .</p>
<p> AS-Design Studio vytvoří pro vaši kancelář jedinečný a zajímavý design interiéru v moderním stylu. Veškeré práce budou provedeny kvalitně a za nejlepší cenu v Charkově.</p>

<p>Kancelářské prostory hrají důležitou roli pro <a class="continue_link" href="https://asart.com.ua/cs/dizajn-ofisa/sovremennyj/">Читать далее >></a></p>
